= 20. Let u(f) = -f**3 + 2*f**2 + 2*f - 2. What is the remainder when u(-2) is divided by t?
0
Let n = -8 - -12. Suppose n - 29 = -5*f. What is the remainder when (-2)/(-10) - (-134)/f is divided by 10?
7
Let t(g) = 24*g - 14. Let h be t(11). Suppose h - 34 = 9*p. Let a = 30 - 16. Calculate the remainder when p is divided by a.
10
Let p(z) = -42*z - 36. Calculate the remainder when 13 is divided by p(-1).
1
Let o = -7 + 7. Suppose o*h + 4*h + 117 = 3*n, n - 59 = 2*h. Calculate the remainder when 22 is divided by (-1)/3 + (-190)/h.
4
Suppose c - 4 = f - 10, -5*f + 3*c = -30. Suppose -x = -4*m - f*x + 941, -m + x = -224. Calculate the remainder when m is divided by 33.
31
Let f = 625 - 566. What is the remainder when f is divided by 30?
29
Suppose -2*p - 384 - 179 = -3*i, 2*p = 2*i - 376. Calculate the remainder when i is divided by 67.
53
Let k be ((-20)/(-16))/((-6)/(-48)). Suppose k*h = l + 11*h - 23, 5*l = h + 133. What is the remainder when l is divided by 7?
5
Let z = 21 + 7. Suppose 18 = -3*p + 3*u, -5*u - z + 4 = 4*p. Let g(q) = -4*q - 14. Calculate the remainder when 39 is divided by g(p).
9
Let x(u) = -u**3 + 10*u**2 - 8*u - 4. Suppose -5*w + 3*l + 21 = 0, 0 = -2*w - 2*l - l. Calculate the remainder when x(9) is divided by w.
2
Let j = -80 - -142. What is the remainder when j is divided by (-9)/2*28/(-6)?
20
Let m = 21 - 10. What is the remainder when (-1)/(-4*5/580) is divided by m?
7
Suppose 0 = -3*l - 3*t + 86 + 1, 0 = 2*l + t - 53. Calculate the remainder when 69 is divided by l.
21
Let h = 2 + 1. Let w = h + 0. Suppose 0 = w*b + b - 56. Calculate the remainder when 27 is divided by b.
13
Suppose 2*k + 3*y - 113 = 0, -4*k = -3*k - 2*y - 53. Calculate the remainder when k is divided by 28.
27
Let a(f) = -4*f - 22. Let s be a(-6). Suppose -4*m = m + s*t - 162, 0 = -3*m - 2*t + 94. What is the remainder when m is divided by 9?
7
Suppose -4*w = 5*c - w + 128, -4*c + w - 99 = 0. Let z = 73 + c. Let i = 11 - 1. What is the remainder when z is divided by i?
8
Suppose -2*m + 172 = -0*m. Suppose 0*t + t = m. Calculate the remainder when t is divided by 29.
28
Suppose 14*w - 62 = 246. What is the remainder when 151 is divided by w?
19
Suppose -28 = u - 2*u. What is the remainder when u is divided by (672/392)/(2/7)?
4
Suppose -16*m + 6 = -13*m. What is the remainder when 41 is divided by (-3)/(-3) - (-26)/m?
13
Suppose 2*o - 1 = -3*c - 8, 2*c - 2 = 0. What is the remainder when (66/15)/((-2)/o) is divided by (-2)/8 + 145/20?
4
Let m be (1*188)/(5 + -3). Suppose -4*i + m + 22 = 0. What is the remainder when i is divided by 8?
5
Let f(a) = 27*a + 3. Suppose 4*d - 3 = d. Calculate the remainder when f(d) is divided by 8.
6
Suppose 0 = 8*c - 7*c. Suppose c = 7*z - 3*z - 36. Calculate the remainder when 31 is divided by z.
4
Let a be 69 + -9 - (-2 - -1). Let w = -35 + a. Calculate the remainder when 76 is divided by w.
24
Suppose 3*a + 4*h = 37, 0*h - 2 = 2*a - 4*h. Let q = -14 - -35. Calculate the remainder when q is divided by a.
0
Suppose b - 19 = -4*c + 3*c, -47 = -3*c - b. Let p(s) be the first derivative of s**3/3 + 5*s + 20. What is the remainder when p(-6) is divided by c?
13
Let z = 29 + -21. Let g(x) = -x**3 + 9*x**2 + 10*x + 17. Calculate the remainder when g(10) is divided by z.
1
Let f(v) = 2*v**3 - 7*v**2 - 7*v + 17. Calculate the remainder when f(6) is divided by 20.
15
Let c = 29 + -23. Suppose c*z = 5*z + 33. Suppose -3*y - 51 = 3*o - 8*o, y = 5*o - 57. What is the remainder when z is divided by o?
9
Let x(l) = -l**2 + 5*l - 6. Let u be x(5). Let n = -42 - -82. Calculate the remainder when n is divided by 21/u*(-3 - 1).
12
Suppose 7*r = 8*r - 3. Suppose -r = -5*i + 62. What is the remainder when 23 is divided by i?
10
Let p = 1365 + -1039. What is the remainder when p is divided by 9?
2
Suppose 91 = -4*s + 251. Let x(d) = -9*d. Let r be x(-1). Suppose -n + r + 14 = 3*z, 0 = -3*n - 5*z + 57. Calculate the remainder when s is divided by n.
12
What is the remainder when 133 is divided by 42 + ((-19)/(-38))/((-1)/(-8))?
41
Suppose 2*v - 53 = -c, 2*v - 52 = -4*c - 2. What is the remainder when 184 is divided by v?
22
Suppose -3*y = -5*p + 890, 5*p - 62 = 2*y + 833. What is the remainder when p is divided by 57?
10
Let m be -2 + 4/((-8)/(-54)). Suppose -16 = -5*f - 1, f + m = 2*g. Let j = -1521 - -1525. Calculate the remainder when g is divided by j.
2
Suppose -25 = -u - l, -4*l = 3*u - 0*l - 70. Suppose -2*y - u = -12*y. Calculate the remainder when 5 is divided by y.
2
Let c(z) = -z + 6. Let h be 54/(-15)*(-5)/(-2). What is the remainder when c(h) is divided by 6?
3
Suppose -7 = -l - 2*z, 0 = 2*l + 5*z + 5 - 19. What is the remainder when 17/(833/1204) - (-6)/14 is divided by l?
4
Let q(c) be the second derivative of -c**4/12 + c**3 + 3*c**2/2 + 2*c. Let d be (4/(-6))/((-2)/15). What is the remainder when 23 is divided by q(d)?
7
Suppose -17*u + 1178 = 14*u. What is the remainder when 795 is divided by u?
35
Let p = -44 + 93. What is the remainder when p is divided by 5?
4
Suppose 4*s - 4 - 12 = 4*f, 5*f - 52 = -3*s. Let w(u) be the first derivative of u**3/3 - 5*u**2 - 8*u - 4. What is the remainder when s is divided by w(11)?
0
Let c = 268 + -240. What is the remainder when c is divided by 5?
3
Let v(u) = u**2 - 6. Let a be v(-3). Suppose 5*c + 105 = 5*z, 0*c = -a*c. What is the remainder when 39 is divided by z?
18
Let w(h) = -h + 1. Let c(q) = -q**3 - 4*q**2 + 10*q - 2. Let o(z) = c(z) - 3*w(z). Calculate the remainder when 150 is divided by o(-7).
48
Suppose 0 = m - 5*r - 245, 4*m - 2*r = 997 - 107. Suppose -4*z + 4*s = -0*z - m, z + 5*s - 25 = 0. Calculate the remainder when z is divided by 17.
16
Let s = -8 + 28. What is the remainder when 259 is divided by s?
19
Let d(i) = 7*i - 5. Suppose 4*p = a + 2*a + 103, 0 = -3*p + 3. Let c = a - -120. Calculate the remainder when c is divided by d(5).
27
Let n(p) = 2*p + p**2 + p**3 + 4*p - 5*p - 4. Let f be n(3). Calculate the remainder when f - (0 + -2 + 3) is divided by 9.
7
Suppose -2*n - 20 = -4*n. Let u = 14 - n. Suppose u*k = 6*k - 44. What is the remainder when k is divided by 12?
10
What is the remainder when 157/3 + (-4)/(-6) is divided by -6 + 35 + (33/132)/((-1)/4)?
25
Let y(d) = d + 65. Let w be y(-15). What is the remainder when (-20)/4 + w + -3 is divided by 5?
2
Suppose 23 = y - 25. Let x = -22 - -39. Calculate the remainder when y is divided by x.
14
What is the remainder when 560 - ((-44)/(-4) + -8) is divided by 31?
30
Suppose -p = 2*n - 179, -13*n + 14*n - 76 = -5*p. What is the remainder when n is divided by 48?
43
Suppose -16 = -h - 4. What is the remainder when 297/22*40/12 is divided by h?
9
Suppose 0*o + 12 = -2*o + 4*l, 5*l - 15 = 0. Suppose o = n + 1 - 18. Calculate the remainder when n is divided by 5.
2
Calculate the remainder when ((-2)/(-6) - 78/72)*-312 is divided by 80.
74
Let y = -172 + 181. Calculate the remainder when 304 is divided by y.
7
Suppose -62 = -5*p + 143. Let x(q) = 34*q - 76. Let j(v) = -7*v + 15. Let s(g) = 14*j(g) + 3*x(g). What is the remainder when p is divided by s(8)?
13
Suppose 3*r + 3 = 15. Suppose -66 = 4*q - 6*q. Suppose -4*s - 16 = -2*t, 4*s + q = 5*t + s. What is the remainder when t is divided by r?
2
Let n = 1919 - 1851. Let x = 22 - -1. What is the remainder when n is divided by x?
22
Let v = 86 + -34. Suppose 5*g = g + v. What is the remainder when 89 is divided by g?
11
Suppose 4*p - 5*z - 96 = 0, 3*z - 24 = -p - z. What is the remainder when 188 is divided by p?
20
Suppose 0 = 5*i - 2*q - 90 - 40, 0 = 5*q. Suppose g + 4*r = 4*g - i, -4 = -r. Let m = 23 - 15. Calculate the remainder when g is divided by m.
6
Suppose -36*l - 145 = -65*l. Let x = -30 - -42. Calculate the remainder when x is divided by l.
2
Let w(z) = z**2 - 2*z - 1. Let m be w(3). Suppose m*i - 7*i + 30 = 0. Calculate the remainder when 22 is divided by i.
4
Calculate the remainder when (-3756)/(-54) - (-4)/9 is divided by 24.
22
Let v be 65 - ((-2)/6 - (-10)/(-15)). Suppose -4*b = n - v, n = 2*b - 4*n - 44. Calculate the remainder when b is divided by 4.
1
Suppose 3*p - 71 = -5*n + 31, 0 = -p + 3*n + 20. Calculate the remainder when p is divided by (28/(-35))/(13/(-260)).
13
Let l = -3 + 5. Let y be -1 - (-2 - l) - -160. Suppose 2*a - 5*m = 145, -2*a 